100)/30*(-6)/10. Suppose m*x = -l - 0*x + 17, -2*l - 2*x + 32 = 0. What is the units digit of l?
5
Let r(x) = x**2 + 14*x - 30. Let d be r(-16). Suppose 0 = l - q + d*q - 54, -93 = -2*l + q. What is the tens digit of l?
4
Suppose -5*c + 4 = -16. Suppose -5*m = -c*h - 26, -m - 3*h - 2*h = 18. Suppose -m*k = -11 + 3. What is the units digit of k?
4
Suppose 0 = -3*f + s + 4, 5 - 16 = 3*f - 4*s. Suppose 15 = -f*k, 223 = 3*r - 2*k - 123. What is the units digit of r?
2
Let w(n) be the first derivative of n**3/3 + 2*n**2 - 4*n - 9. What is the tens digit of w(6)?
5
Let n(c) = c - 2. Let h be 1/(8/(-4))*-8. Let s be n(h). Suppose 56 = 4*i - s*i. What is the units digit of i?
8
Let m = 0 - -2. Suppose m*p + 5*p = 469. What is the units digit of p?
7
Let v = -40 - -42. Suppose -v*m - 5*i + 178 = 0, 0*i + 10 = 5*i. What is the units digit of m?
4
Let u(w) = -38*w + 1 + 2 - 2 - 4. What is the units digit of u(-2)?
3
Suppose 5*g + 30 = 2*a, 2*a + 2*g + 3 = 5. Suppose -3*k + 922 = 4*b, -2*b - a*k = 3*b - 1155. What is the tens digit of b?
2
Suppose -2*j = 4*r + 2*j + 4, 2*r + 4*j + 4 = 0. Suppose 5*p + 40 + 80 = r. Let c = p + 57. What is the units digit of c?
3
Suppose 1242 = 2*a + 3*o - 227, -4*a = 5*o - 2933. What is the hundreds digit of a?
7
Suppose 0 = -38*d + 7548 + 16962. What is the hundreds digit of d?
6
Let i(v) = 14*v - 11. Let u(l) = -14*l + 11. Let x(q) = -3*i(q) - 2*u(q). What is the units digit of x(-8)?
3
Let r be ((-6)/(-4))/(5/390). Let x = r + -85. What is the tens digit of x?
3
Suppose -11*s - 4*s = -960. What is the tens digit of s?
6
Let f(g) = g**2 + 4*g + 5. Let r be f(-4). Suppose 3*m = -3*w + 9, 4*w - 6*w = -r*m + 29. Suppose m*n + 0*n = 95. What is the units digit of n?
9
Let b(y) = -97*y - 5. Let k = 5 - 6. What is the tens digit of b(k)?
9
Suppose 0*u - 4*u + 56 = 0. Let k = u - -44. Suppose -3*o + 157 - k = 0. What is the units digit of o?
3
Suppose 4*i - 11 = 13. Let n(u) = -u - 2*u + i*u + 2*u**2 + 5*u. What is the tens digit of n(-6)?
2
Let p(z) = -4*z + 1. Let u be p(-3). Suppose -7*f - 2*q - 40 = -4*f, -2*q = -f. Let r = f + u. What is the units digit of r?
3
Let d(z) = -2*z + 36. Let g be d(18). Suppose -b + 5*j = j - 56, -5*b + j + 318 = g. What is the tens digit of b?
6
Let t = 234 - 242. Let u(v) = v**3 + 3*v**2 - 7*v. Let k be u(-5). Let l = t - k. What is the units digit of l?
7
Let g be 1/(39/(-21) - -2). Let z be 2/g + 2324/98. Suppose 7*r = 102 + z. What is the units digit of r?
8
Suppose -11*z - 10*z + 1533 = 0. What is the units digit of z?
3
Let s(k) be the third derivative of -k**6/240 + 7*k**5/120 + 3*k**4/8 + 7*k**2. Let l(f) be the second derivative of s(f). What is the units digit of l(-12)?
3
Let w(k) = -10*k**3 + 7. What is the units digit of w(-6)?
7
Suppose 15*y - 11538 = 657. What is the units digit of y?
3
Suppose -7*u + 5031 = 1503. What is the tens digit of u?
0
Let d(n) = -n**2 - 8*n + 3. Let h be d(-8). Suppose 3 = h*o - 6. Suppose 0 = -o*p - 3*u + 114, -3*p + 4*u + 0*u + 79 = 0. What is the tens digit of p?
3
Let z(y) be the third derivative of 5*y**4/8 - 73*y**3/6 + 11*y**2 + 2*y. What is the hundreds digit of z(13)?
1
Suppose -4*h - 9 = b + 4*b, 4*b = -h + 6. Let z(p) = -2*p - 5. What is the units digit of z(h)?
7
Let b(g) = -9*g - 1. Let a be b(-1). Let z = 141 + a. What is the tens digit of z?
4
Let n be 12/5 - 4/10. Let g be 12/10*5*-2. What is the tens digit of 584/48 + n/g?
1
Let a(v) = -v**3 - v**2 + 3*v + 38. What is the tens digit of a(-7)?
1
Let w(t) = t**2 + 18*t - 3. Let f(p) = p. Let r(a) = 4*f(a) - w(a). Let n be r(-8). Suppose -m + n = -16. What is the tens digit of m?
6
Let x(r) = 2*r**3 - 45*r**2 - 42*r + 29. What is the thousands digit of x(25)?
2
Let a(l) = 22*l**2 + 6*l. Let x be ((-3)/((-15)/(-2)))/(3/15). What is the tens digit of a(x)?
7
Let j be 8*-1 + (-24)/(-6). Let v(b) = -2*b**2 + 7*b**2 + b**3 + 5 + 0*b**3 + b. What is the tens digit of v(j)?
1
Suppose 0 = -u + 6 - 4. Suppose x - 61 - 47 = -4*w, 3*w - 196 = -u*x. What is the units digit of x?
2
Suppose 0 = 4*a - 60*a + 140224. What is the tens digit of a?
0
Let r(v) = 2*v - 8. Let t be r(7). Let w(o) = o**3 - 4*o**2 - 6*o + 5. Let h be w(t). Suppose -2*n + 3*n - h = 0. What is the units digit of n?
1
Suppose 4*w = 3*a - 5 - 8, -2*w - 8 = -2*a. Suppose 0 = 19*q - 16*q - 12. Suppose -d + q*h = -11, -a*h = -d - d + 47. What is the tens digit of d?
3
Suppose 2*s - 11 = 19. Suppose -9 = -2*r + s. What is the tens digit of r/1 + -4 + 4?
1
Let m(h) = 2*h - 18. Let c be 24*(-2 + 5/2). Let v be m(c). Let f = 7 + v. What is the units digit of f?
3
Let b = 19 - 12. Let y be (-14)/(-6) + b/(-21). Suppose -y*u + 5*x + 38 = 0, 2*x - 7*x = -u + 9. What is the units digit of u?
9
Suppose 0 = -0*t - 6*t. Suppose t*o = o. Suppose -h + f - 4*f = -25, 3*f = o. What is the tens digit of h?
2
Suppose 4 = -y - y. Suppose -4*j - 2*t + 8 = 0, -4*j + t = -5*j + 3. What is the tens digit of (-141)/(-6) - j/y?
2
Let h(l) be the third derivative of l**7/2520 + l**6/360 + 3*l**4/8 + 8*l**2. Let k(w) be the second derivative of h(w). What is the units digit of k(-3)?
3
Let y(m) = 9*m**2 + 2*m + 1. Let n be y(-1). Suppose n*z + 0*z = 104. What is the units digit of z?
3
Suppose 26 = 21*h - 19*h. Let s(x) = 5*x - 23. What is the units digit of s(h)?
2
Suppose v + 4*i + 134 - 997 = 0, 0 = 4*v + i - 3422. What is the tens digit of v?
5
Let m = 21 + -21. Suppose m = y + 8 - 26. Suppose d - y - 20 = 0. What is the units digit of d?
8
Suppose -2*d = -3*p - 9, 2*d - 6 = d + 3*p. Suppose 0 = 7*n - 3*n - 3*q + 4, -d*q = -12. What is the units digit of n?
2
Suppose -4*y + 1 = -7. Let l(v) = 4*v + 0 - 6 + v**y + 6. What is the tens digit of l(-8)?
3
Let b(r) = -8*r - 5. Suppose 2*x - 11 = 19. Let y be (-5)/x + (-17)/3. What is the units digit of b(y)?
3
Let q = 24 - 18. Let z be (3/q)/(1/4). Suppose -3*u + 107 = 4*s, -2*u + 3*s + 64 = z*s. What is the tens digit of u?
3
Suppose -6*i + 22 = 58. What is the tens digit of 2/(1/((-69)/i))?
2
Suppose 0 = y + 3*y - 96. Suppose 0*f = 4*f + y. Let q(b) = b**2 + 3*b + 6. What is the units digit of q(f)?
4
Let f(y) be the second derivative of -1/6*y**3 + 0 + 6*y - 5/2*y**2 + 1/20*y**5 - 5/12*y**4. What is the units digit of f(6)?
5
Suppose -609*u + 607*u + 4700 = 0. What is the thousands digit of u?
2
Suppose 3*l = -2*l + 5, 4*j - 3*l - 9 = 0. Suppose 4*y - 3*h = -0*h + 335, j*y - 270 = -4*h. What is the units digit of y?
6
Let m(i) = i**2 + 10*i - 11. Let y be m(-11). Suppose y = 4*n - 435 - 169. What is the tens digit of n?
5
Suppose 1608 = 6*v - 1116. What is the units digit of v?
4
Let g(v) = v**3 + 7*v**2 + 2*v - 8. Let c be g(-6). Let p = 18 - c. What is the units digit of p/5 + 828/30?
8
Let t(x) = 42*x**2 + 17*x + 70. What is the tens digit of t(-4)?
7
Let v = -124 + 167. Let z = -37 + v. What is the units digit of z?
6
Suppose -4*d - 36 = -4*q, 2*q + 3 + 4 = -3*d. Suppose -q*h = h. Suppose -y + 0*y + 2 = 0, h = -l + 3*y + 13. What is the units digit of l?
9
Let f = 23 + -21. Let c be f/6*33*-4. Let y = c - -63. What is the tens digit of y?
1
Let h(s) = s**3 - 5*s**2 + 15*s - 3. Let r be h(6). Suppose p - r = -87. What is the tens digit of p?
3
Let v(x) = -x**3 + x**2 - x - 2. Let m be v(0). Let a be (-7)/(14/12) + m. What is the tens digit of (-48 - 2)*4/a?
2
What is the hundreds digit of (-3 - 455)*3/(-3)?
4
Suppose 0 = 2*l, 5*g - 2*l - 1515 = -5*l. Suppose -4*v - 404 = -4*b, -2*v + 4*v = -3*b + g. What is the units digit of b?
1
Let u(p) = p. Let z(t) = 10*t. Suppose 4*c - 4*i = 4, -3*c + 0*c = -5*i + 1. Let h(r) = c*u(r) - z(r). What is the tens digit of h(-4)?
2
Suppose 2*f + 17 = -5*t, -4*t = 5*f - 6*f + 24. Let k(y) = -3*y - 21. Let n be k(-7). Suppose n = f*i - 3*i - 27. What is the tens digit of i?
2
Suppose 9*b + 4*c - 13581 = 4*b, -3*b + 8127 = -3*c. What is the units digit of b?
3
Let v(t) = -7*t**2 + 22*t + 13. Let l(a) = -a**2 + a + 1. Suppose -3*y + 5 = 2. Let u(k) = y*v(k) - 6*l(k). What is the units digit of u(16)?
7
Let k be (-6)/(-4) + (-97)/(-2). Suppose -2*n + 4 = 0, -2*w + n = -k - 90. What is the units digit of w?
1
Let c = -20 - -60. Let s = 8 - c. What is the tens digit of (3 - s/(-1))/(-1)?
2
Let g = 3637 - 2483. What is the tens digit of g?
5
Suppose -5*a = 354 + 126. Let q = 